me factors of 41930.
2, 5, 7, 599
What are the prime factors of 937?
937
What are the prime factors of 11276?
2, 2819
What are the prime factors of 9158?
2, 19, 241
List the prime factors of 664.
2, 83
What are the prime factors of 38512?
2, 29, 83
List the prime factors of 2230.
2, 5, 223
What are the prime factors of 7386?
2, 3, 1231
What are the prime factors of 1165?
5, 233
What are the prime factors of 11584?
2, 181
What are the prime factors of 1355?
5, 271
What are the prime factors of 3604?
2, 17, 53
List the prime factors of 152912.
2, 19, 503
What are the prime factors of 3164?
2, 7, 113
List the prime factors of 36231.
3, 13, 929
What are the prime factors of 79?
79
What are the prime factors of 40282?
2, 11, 1831
List the prime factors of 34534.
2, 31, 557
What are the prime factors of 2193?
3, 17, 43
What are the prime factors of 15361?
15361
What are the prime factors of 1831?
1831
What are the prime factors of 917?
7, 131
List the prime factors of 95214.
2, 3, 7, 2267
List the prime factors of 26246.
2, 11, 1193
What are the prime factors of 8937?
3, 331
What are the prime factors of 18621?
3, 2069
List the prime factors of 27569.
19, 1451
What are the prime factors of 4050?
2, 3, 5
List the prime factors of 843.
3, 281
What are the prime factors of 41720?
2, 5, 7, 149
What are the prime factors of 90831?
3, 13, 17, 137
List the prime factors of 13266.
2, 3, 11, 67
List the prime factors of 79534.
2, 7, 13, 19, 23
List the prime factors of 2616.
2, 3, 109
List the prime factors of 1089.
3, 11
What are the prime factors of 10476?
2, 3, 97
List the prime factors of 9131.
23, 397
List the prime factors of 140302.
2, 29, 41, 59
List the prime factors of 4816.
2, 7, 43
List the prime factors of 16792.
2, 2099
List the prime factors of 115560.
2, 3, 5, 107
What are the prime factors of 660?
2, 3, 5, 11
List the prime factors of 15446.
2, 7723
List the prime factors of 1010.
2, 5, 101
List the prime factors of 4567.
4567
What are the prime factors of 708?
2, 3, 59
List the prime factors of 932.
2, 233
List the prime factors of 3985.
5, 797
List the prime factors of 9450.
2, 3, 5, 7
List the prime factors of 5989.
53, 113
What are the prime factors of 5622?
2, 3, 937
List the prime factors of 908.
2, 227
List the prime factors of 45124.
2, 29, 389
What are the prime factors of 9719?
9719
What are the prime factors of 919?
919
What are the prime factors of 961?
31
List the prime factors of 105455.
5, 7, 23, 131
What are the prime factors of 2541?
3, 7, 11
What are the prime factors of 2640?
2, 3, 5, 11
What are the prime factors of 58652?
2, 11, 31, 43
List the prime factors of 33223.
33223
What are the prime factors of 852?
2, 3, 71
List the prime factors of 33715.
5, 11, 613
List the prime factors of 3306.
2, 3, 19, 29
List the prime factors of 533.
13, 41
What are the prime factors of 160?
2, 5
List the prime factors of 2746.
2, 1373
What are the prime factors of 961?
31
What are the prime factors of 96683?
109, 887
List the prime factors of 2723.
7, 389
List the prime factors of 10206.
2, 3, 7
What are the prime factors of 26260?
2, 5, 13, 101
List the prime factors of 15188.
2, 3797
What are the prime factors of 488?
2, 61
What are the prime factors of 767?
13, 59
List the prime factors of 796.
2, 199
List the prime factors of 5222.
2, 7, 373
List the prime factors of 981.
3, 109
What are the prime factors of 1698?
2, 3, 283
List the prime factors of 1396.
2, 349
List the prime factors of 17249.
47, 367
List the prime factors of 64695.
3, 5, 19, 227
List the prime factors of 7811.
73, 107
List the prime factors of 2003.
2003
What are the prime factors of 11312?
2, 7, 101
List the prime factors of 2637.
3, 293
List the prime factors of 3168.
2, 3, 11
List the prime factors of 6715.
5, 17, 79
List the prime factors of 1375.
5, 11
What are the prime factors of 619?
619
List the prime factors of 66.
2, 3, 11
List the prime factors of 28093.
13, 2161
List the prime factors of 10834.
2, 5417
List the prime factors of 67371.
3, 17, 1321
What are the prime factors of 75904?
2, 593
List the prime factors of 172.
2, 43
What are the prime factors of 83694?
2, 3, 13, 29, 37
What are the prime factors of 208?
2, 13
What are the prime factors of 1539?
3, 19
List the prime factors of 1192.
2, 149
List the prime factors of 16404.
2, 3, 1367
What are the prime factors of 1674?
2, 3, 31
List the prime factors of 959.
7, 137
What are the prime factors of 46408?
2, 5801
What are the prime factors of 4870?
2, 5, 487
List the prime factors of 6557.
79, 83
What are the prime factors of 1792?
2, 7
List the prime factors of 9941.
9941
What are the prime factors of 5614?
2, 7, 401
What are the prime factors of 35161?
7, 5023
List the prime factors of 22201.
149
What are the prime factors of 3092?
2, 773
What are the prime factors of 4779?
3, 59
List the prime factors of 11397.
3, 29, 131
What are the prime factors of 1303?
1303
What are the prime factors of 101902?
2, 50951
What are the prime factors of 14?
2, 7
What are the prime factors of 1245?
3, 5, 83
List the prime factors of 13166.
2, 29, 227
What are the prime factors of 1148?
2, 7, 41
List the prime factors of 46303.
19, 2437
What are the prime factors of 63946?
2, 31973
List the prime factors of 103392.
2, 3, 359
List the prime factors of 67636.
2, 37, 457
List the prime factors of 69.
3, 23
List the prime factors of 135.
3, 5
List the prime factors of 281.
281
What are the prime factors of 38568?
2, 3, 1607
List the prime factors of 52406.
2, 26203
What are the prime factors of 74095?
5, 7, 29, 73
What are the prime factors of 2517?
3, 839
List the prime factors of 15307.
15307
List the prime factors of 572.
2, 11, 13
List the prime factors of 28708.
2, 7177
What are the prime factors of 2562?
2, 3, 7, 61
List the prime factors of 10495.
5, 2099
What are the prime factors of 38667?
3, 12889
What are the prime factors of 30307?
30307
List the prime factors of 747.
3, 83
List the prime factors of 186.
2, 3, 31
What are the prime factors of 1752?
2, 3, 73
What are the prime factors of 22580?
2, 5, 1129
List the prime factors of 41674.
2, 67, 311
What are the prime factors of 73613?
73613
List the prime factors of 55383.
3, 18461
List the prime factors of 466.
2, 233
What are the prime factors of 1437?
3, 479
List the prime factors of 2164.
2, 541
List the prime factors of 5514.
2, 3, 919
What are the prime factors of 44594?
2, 11, 2027
List the prime factors of 2457.
3, 7, 13
List the prime factors of 21532.
2, 7, 769
What are the prime factors of 302?
2, 151
List the prime factors of 96638.
2, 211, 229
What are the prime factors of 25034?
2, 12517
List the prime factors of 149.
149
List the prime factors of 791.
7, 113
List the prime factors of 1133.
11, 103
What are the prime factors of 3003?
3, 7, 11, 13
What are the prime factors of 42418?
2, 127, 167
What are the prime factors of 18490?
2, 5, 43
List the prime factors of 91894.
2, 11, 4177
What are the prime factors of 36463?
7, 5209
What are the prime factors of 9408?
2, 3, 7
List the prime factors of 19409.
13, 1493
What are the prime factors of 9178?
2, 13, 353
List the prime factors of 83917.
31, 2707
What are the prime factors of 3850?
2, 5, 7, 11
What are the prime factors of 2240?
2, 5, 7
List the prime factors of 525.
3, 5, 7
What are the prime factors of 1068?
2, 3, 89
What are the prime factors of 177076?
2, 44269
What are the prime factors of 6285?
3, 5, 419
List the prime factors of 44.
2, 11
What are the prime factors of 343?
7
What are the prime factors of 5504?
2, 43
List the prime factors of 28644.
2, 3, 7, 11, 31
What are the prime factors of 118189?
118189
What are the prime factors of 27247?
11, 2477
What are the prime factors of 45922?
2, 22961
List the prime factors of 39080.
2, 5, 977
What are the prime factors of 5674?
2, 2837
List the prime factors of 28377.
3, 1051
List the prime factors of 14831.
14831
What are the prime factors of 838?
2, 419
List the prime factors of 923.
13, 71
What are the prime factors of 558?
2, 3, 31
What are the prime factors of 10966?
2, 5483
What are the prime factors of 168706?
2, 67, 1259
What are the prime factors of 30395?
5, 6079
List the prime factors of 5270.
2, 5, 17, 31
List the 